ase 8, what is -5544 + -5563?
-13327
In base 13, what is 29b8754 - -1?
29b8755
In base 6, what is -10342010510 - 4?
-10342010514
In base 10, what is 1961 - 9082?
-7121
In base 3, what is 20221110201101 + 22010?
20221111000111
In base 8, what is 15 - -61341504?
61341521
In base 15, what is 7 + -b28657?
-b28650
In base 4, what is 231 - -101201220?
101202111
In base 11, what is 243074 - 63?
243011
In base 16, what is 1 - -31d139?
31d13a
In base 4, what is 2 - -22333323013?
22333323021
In base 15, what is -28b + -68cd?
-6b69
In base 10, what is -7 - 638613?
-638620
In base 9, what is 1043084 - -102?
1043186
In base 8, what is 16503657 - -13?
16503672
In base 12, what is 5 + -b26636?
-b26631
In base 9, what is -278074204 + 2?
-278074202
In base 9, what is 217585405 + -5?
217585400
In base 7, what is 3 + -142153201?
-142153165
In base 14, what is -5 - 273a44?
-273a49
In base 9, what is -6 - 12021281?
-12021287
In base 16, what is 228 - -1098d?
10bb5
In base 16, what is 370c + 98?
37a4
In base 14, what is 1dc51d + -9?
1dc514
In base 5, what is -210130404 - -11?
-210130343
In base 7, what is 3140 + -5106?
-1636
In base 4, what is -1132002221 + -13?
-1132002300
In base 2, what is -100001011 + -11001001011111?
-11001101101010
In base 6, what is 12530443 - -103?
12530550
In base 5, what is -1 - -1113201430143?
1113201430142
In base 12, what is -4170363 - 3?
-4170366
In base 4, what is -3 + -11313133201210?
-11313133201213
In base 2, what is 110011100001011011 - 101?
110011100001010110
In base 8, what is -11 + -16351636?
-16351647
In base 2, what is 1000 + 100100001110100101?
100100001110101101
In base 14, what is -b5c0 + -1647?
-cc27
In base 7, what is 1 + -31510162?
-31510161
In base 6, what is -114052122 - -324?
-114051354
In base 14, what is 19112bc - 4?
19112b8
In base 15, what is 3 - 1206ac9?
-1206ac6
In base 14, what is 4 - -2dc9b03?
2dc9b07
In base 13, what is -a + -189a47?
-189a54
In base 8, what is 31233511 - -2?
31233513
In base 5, what is -14314 + -414021?
-433340
In base 13, what is 31 - -37267c?
3726b0
In base 4, what is 103013 - -133212221?
133321300
In base 6, what is -144245334 + -253?
-144250031
In base 12, what is 5480325 - -4?
5480329
In base 5, what is -21022441330 + 3?
-21022441322
In base 9, what is -83254 + 45?
-83208
In base 8, what is 3 + 26311175?
26311200
In base 15, what is -7eda630 + 4?
-7eda62b
In base 13, what is -4 - -c702a6?
c702a2
In base 16, what is 46 - -51b39?
51b7f
In base 15, what is 1 - -85a462?
85a463
In base 11, what is -821 + 103428?
102707
In base 10, what is -159448 - -73?
-159375
In base 14, what is 0 + 1394d4ac?
1394d4ac
In base 6, what is -4151005 + 505?
-4150100
In base 13, what is 3 + 211710?
211713
In base 5, what is -41 - 43330114?
-43330210
In base 7, what is 6 + 346465413?
346465422
In base 10, what is -32438459 - -5?
-32438454
In base 4, what is 2 + 21112001330310?
21112001330312
In base 12, what is -3a300 - 631?
-3a931
In base 5, what is -204403 - -2004?
-202344
In base 11, what is 2 - -a77738?
a7773a
In base 7, what is 5606 - -2002?
10611
In base 16, what is 2 - -1d3bb2?
1d3bb4
In base 2, what is -110101110011111101001 + 10110?
-110101110011111010011
In base 15, what is 1e12 + a8aa?
c7bc
In base 13, what is 24248 + -cb?
2414a
In base 11, what is 2454a - -93?
24632
In base 7, what is -534266033 + 3?
-534266030
In base 8, what is -3463 - -4641?
1156
In base 10, what is 274 + -81578?
-81304
In base 10, what is -268519 - -9?
-268510
In base 3, what is 10 + -122112011021012?
-122112011021002
In base 16, what is -25d + bf95c?
bf6ff
In base 2, what is -10010011001000000000 + -11111?
-10010011001000011111
In base 13, what is 7315aa29 - -4?
7315aa30
In base 3, what is 2 - 101011202201020?
-101011202201011
In base 9, what is -65537 - -112?
-65425
In base 8, what is 243630 - -167?
244017
In base 9, what is 45055 - -256?
45322
In base 6, what is -203113 + -25043?
-232200
In base 12, what is -6 - 21b367?
-21b371
In base 16, what is 4b72642 - 0?
4b72642
In base 13, what is -50570 - -151?
-5041c
In base 3, what is 20202 - -2011111211101?
2011112002010
In base 10, what is -1 - -27285727?
27285726
In base 15, what is 5 + aeab72?
aeab77
In base 9, what is -2 + 11723825?
11723823
In base 9, what is 461 - 6211?
-5640
In base 6, what is 305533 - 243?
305250
In base 3, what is -121 + 202002110011?
202002102120
In base 8, what is 3 - 227412603?
-227412600
In base 2, what is 10101110110100011010011100 + 10?
10101110110100011010011110
In base 16, what is -735 - -966e?
8f39
In base 10, what is -6 + -9958494?
-9958500
In base 16, what is -26b44fa - -6?
-26b44f4
In base 12, what is b0843 + -a79?
ab986
In base 11, what is 4230a - -1336?
43645
In base 8, what is -163634322 - 1?
-163634323
In base 14, what is -b509ca - 2?
-b509cc
In base 15, what is 1abdcb8e + 4?
1abdcb93
In base 15, what is 5 - 294b01?
-294aeb
In base 16, what is -9 - c64e2b?
-c64e34
In base 10, what is -99680275 - -4?
-99680271
In base 7, what is -1 - -26521045?
26521044
In base 3, what is -11 - 21220212200022?
-21220212200110
In base 8, what is -35 - 306264?
-306321
In base 10, what is -12 + 2175243?
2175231
In base 10, what is 321901 + 11?
321912
In base 6, what is 315402 + -4231?
311131
In base 6, what is 240135 + 520?
241055
In base 6, what is 2 - -153513251?
153513253
In base 5, what is -44301432 - 3242?
-44310224
In base 6, what is -4111303411 + -3?
-4111303414
In base 11, what is -41867 + -3632?
-45399
In base 4, what is -12 + 2010021203?
2010021131
In base 6, what is -112 + -22304420?
-22304532
In base 3, what is 12111211 - 1201120?
10210021
In base 9, what is -1 - -82065057?
82065056
In base 8, what is -13430370 - -3?
-13430365
In base 15, what is -2a3323 - 73?
-2a3396
In base 13, what is -450c317 - 3?
-450c31a
In base 4, what is -22 + 1123101232?
1123101210
In base 16, what is -5 - -2fa9bfc?
2fa9bf7
In base 2, what is 101001111 + -1010100100000001100?
-1010100011010111101
In base 4, what is 130 + -1321311023?
-1321310233
In base 3, what is -12110211222012 + 22?
-12110211221220
In base 14, what is -584ba2 + 19?
-584b87
In base 15, what is 3 + -770c25c?
-770c259
In base 7, what is -2536 + -14551?
-20420
In base 13, what is -2 - 1617c692?
-1617c694
In base 8, what is -157144 - 37552?
-216716
In base 9, what is -428630244 + 2?
-428630242
In base 14, what is 305aa29 - 3?
305aa26
In base 11, what is -27 - 29a62?
-29a89
In base 13, what is 775 - 264c0?
-25a48
In base 6, what is 21350 - -31542?
53332
In base 9, what is -282 + -30164?
-30456
In base 8, what is -35400 + -1766?
-37366
In base 6, what is -2120025 - 2200?
-2122225
In base 12, what is -35 + -35a4100?
-35a4135
In base 15, what is -47 + -13c75?
-13cbc
In base 11, what is -4 + 12928511?
12928508
In base 12, what is 6 + 6634789?
6634793
In base 4, what is -10 - 2320033110133?
-2320033110203
In base 15, what is 2e7552 + e?
2e7561
In base 15, what is -52 - 90e9?
-914b
In base 13, what is 3 + -155b69?
-155b66
In base 11, what is 34425 - -5?
3442a
In base 2, what is -10000010111110 - 1100?
-10000011001010
In base 3, what is 12 - 12122201222010?
-12122201221221
In base 13, what is -5 + -859974?
-859979
In base 11, what is 5a - 2a816?
-2a767
In base 4, what is 1011213122 - 311001?
1010302121
In base 9, what is -2248376 + -3?
-2248380
In base 10, what is 310603 - 2399?
308204
In base 7, what is 54165 - 23240?
30625
In base 11, what is -4837032 - 0?
-4837032
In base 12, what is 2110b3 + -12?
2110a1
In base 8, what is -5 + -31073732?
-31073737
In base 5, what is -3041222111 + 0?
-3041222111
In base 5, what is -10424 + 2300033?
2234104
In base 7, what is -5 - 46056510?
-46056515
In base 16, what is -100 - -401f5?
400f5
In base 15, what is -6b + 18d5d?
18ce2
In base 10, what is 5 + 17819648?
17819653
In base 3, what is 10221221 + 10212102012?
11000101010
In base 6, what is 33214440045 - 2?
33214440043
In base 8, what is 22607 - 267202?
-244373
In base 10, what is 39341 + -4?
39337
In base 5, what is 4120 + 132014421?
132024041
In base 7, what is 414 - -215121?
215535
In base 11, what is -6649 - -2860?
-3899
In base 14, what is 3 + -47aa83?
-47aa80
In base 10, what is -6174 + 53?
-6121
In base 3, what is -1001010210 + 1020201000?
12120020
In base 6, what is -5133223 - 1024?
-5134251
In base 16, what is 2 - -